s the remainder when t is divided by 45?
36
Let c = 340 + -317. What is the remainder when -2 + 29*(4 + 0) is divided by c?
22
Suppose 0 = 24*c - 22*c - 124. What is the remainder when 245 is divided by c?
59
Suppose -28*r = -24*r + 4*m - 152, -4*r = -3*m - 152. What is the remainder when 444 is divided by r?
26
Let m(z) = -19*z - 104. Let s be m(-11). Suppose -105 = -3*d - 3*l, 4*d = -0*d + 3*l + s. What is the remainder when d is divided by 11?
8
Suppose 10*t - 5*t = 15, 5*r = -5*t + 745. What is the remainder when r is divided by 8?
2
Suppose 0*r = 4*r - 16. Suppose -r*a + 160 + 88 = 0. Suppose -4*w = 5*n - 49, w - 5*n + 15 = 46. What is the remainder when a is divided by w?
14
Let j(w) = -130*w + 9. Calculate the remainder when j(-1) is divided by 14.
13
Let l be 0/(-3 + 12/3). Suppose 0 = 4*h - l*h. What is the remainder when 54 + 1 + h + -4 is divided by 26?
25
Let c(p) = -2 - 2*p - 3 - 2*p. What is the remainder when c(-14) is divided by 13?
12
Let w(s) = -s**3 - 25*s**2 - 66*s + 20. What is the remainder when 177 is divided by w(-22)?
17
Let l(k) = k**3 - 20*k**2 + 40*k - 22. Let j(r) = -4*r - 6. Let d be j(-6). Suppose -3*o = -21 - d. Calculate the remainder when l(18) is divided by o.
11
Let j(t) = t**3 - 19*t**2 + 35*t - 6. Calculate the remainder when 2/6 - 250/(-6) is divided by j(17).
9
Let b = -554 - -575. What is the remainder when b is divided by 10?
1
Let l(o) = -5*o**3 - 4*o**2 - 10*o + 3. Let t(f) = -f**3 - f**2 - f. Let g(i) = l(i) - 6*t(i). What is the remainder when 1/(-8)*4*-40 is divided by g(2)?
9
Let r(m) = -6*m - 5*m - 6*m + 0*m + 1. Calculate the remainder when -3*((-142)/12)/(3/6) is divided by r(-1).
17
Let c(m) = m**3 - 3. Let x be c(0). Let a(g) = 8*g**2 - 5*g - 3. What is the remainder when a(x) is divided by (-2 + -15)/(-4 + 3)?
16
Let o = 20 + 19. Suppose 12*r = 9*r + 63. Calculate the remainder when o is divided by r.
18
Suppose 5*v - 182 = -4*n - 47, -3*n - 77 = -2*v. Suppose -g - 3*s + 8*s = -20, 2*g - 25 = 5*s. What is the remainder when (122/g)/(-5*(-3)/75) is divided by v?
29
Let f(w) = w - 24. Let z(j) = -6. Let n(y) = -2*f(y) + 9*z(y). Let t be n(8). What is the remainder when (-33)/t*(-148)/(-6) is divided by 10?
7
Let o = 565 - 499. What is the remainder when 197 is divided by o?
65
Calculate the remainder when 35500/60 - 2/3 is divided by 54.
51
Let k(y) = 24*y + 6. Let n be k(2). Calculate the remainder when (-2)/(-18) + 6636/n is divided by 42.
39
Let r be -35*(2 - 30/25). Let o = 38 - r. What is the remainder when o is divided by 23?
20
Suppose 3*u - 15 = -2*j, -j - 6 = -5*u + 32. Suppose -6*h = -4*h - 92. What is the remainder when h is divided by u?
4
Let x(k) = 4*k - 36. Let f be x(10). Suppose -126 = -2*t + f*p, -3*p = -4*t + t + 174. What is the remainder when t is divided by 6?
5
Suppose -306 = -31*q + 159. What is the remainder when 132 is divided by q?
12
Suppose 2*c - 4*c = -10. Let h be 3 + c/(-1) - -2. Suppose -69 = -5*x + b + 3*b, h = 3*x + b - 55. Calculate the remainder when 33 is divided by x.
16
Suppose -j = 8*j - 2862. Suppose -j = -8*k + 2*k. What is the remainder when k is divided by 18?
17
Let d = -41 + 82. What is the remainder when 162 is divided by d?
39
Let o(b) = -b**3 + 10*b**2 - 10*b - 11. Suppose 3*y + 536 = 8*y + 3*x, y + 2*x = 110. Calculate the remainder when y is divided by o(8).
32
Let v = 21 + -10. Calculate the remainder when v is divided by 4*(78/(-24) - -5).
4
Let u = -19 + 11. Calculate the remainder when 39 is divided by 20 + -6 + u/2.
9
Suppose -169 = -3*i - 4*b, 38*i + 114 = 40*i + 3*b. Let t(p) = -p**3 + 4*p**2 + 3*p - 3. Calculate the remainder when i is divided by t(2).
7
Let l = -45 - -51. Suppose l*a + 92 = 10*a. Calculate the remainder when 43 is divided by a.
20
Suppose -2*w - d + 12 + 21 = 0, -4 = -4*d. What is the remainder when 287 is divided by w?
15
Suppose v = q - 11, 4*v + 0*v - 10 = -2*q. Suppose 2*o + 0*o + 4 = 0. What is the remainder when ((-78)/(o - -5))/(-1) is divided by q?
8
Calculate the remainder when 138 is divided by ((-142)/5)/(-2 - (-16)/10).
67
Let x(g) = 8 + g + 0*g + 9*g. Calculate the remainder when x(4) is divided by 13.
9
Suppose -4*o = -3*o - 3*l - 65, -5*o - l + 277 = 0. Let q = 94 - o. Calculate the remainder when q is divided by 20.
18
Let p = -643 - -712. What is the remainder when 264 is divided by p?
57
Suppose -29*y - 59 = -5*d - 26*y, -4*d = -4*y - 44. Suppose -5*v + 240 = c - 0*c, 4*v + 2*c = 192. Calculate the remainder when v is divided by d.
9
Let y(r) = r**2 + 6*r - 23. Calculate the remainder when y(12) is divided by 13.
11
Suppose -22*r + 8 = -20*r. Suppose -33 = -l + r*w, 4*l - 81 = -4*w + 31. Calculate the remainder when l is divided by 10.
9
Let h be (3/2 - 2)/(3/24). Let q(f) = f**2 - 2 + f**2 + 9*f - 4*f. Calculate the remainder when q(h) is divided by 3.
1
Suppose 2*v = 4*k - 72, 73 = -5*v - k - 63. Let l = v + 41. Calculate the remainder when l is divided by 6.
1
Let q(r) = 5*r + 8. Let y = 633 + -611. What is the remainder when q(7) is divided by y?
21
Let p = 6 + -30. Let t = p - -36. What is the remainder when 55 is divided by t?
7
Let r = 976 + 246. Calculate the remainder when r is divided by 72.
70
Suppose -4*c + 123 = -8*a + 5*a, 4*a - 86 = -3*c. Calculate the remainder when 113 is divided by c.
23
Suppose 2*k - 6*k + 50 = -h, 4*h - 73 = -5*k. Calculate the remainder when 101 is divided by k.
10
Let r = -114 - -120. Suppose -68 = -r*u + 22. Calculate the remainder when u is divided by 6.
3
Let c be (4/(8/(-30)))/1. Let a = c - -18. Suppose 6 = u + 4*n, 2*u - 5*n + 4*n = 21. Calculate the remainder when u is divided by a.
1
Suppose 22*p + 1539 = 11527. What is the remainder when p is divided by 46?
40
Suppose -6*v + 9*v - 177 = 0. Calculate the remainder when v is divided by 16.
11
Let l(z) = 10*z + 6. Suppose -4*a - 5*t = 0, -a + 29 - 4 = -5*t. Let w be l(a). Suppose -4*u + w = -0*u. Calculate the remainder when 53 is divided by u.
11
Suppose 43*h - 5944 = 463. What is the remainder when h is divided by 76?
73
Let s(x) = 3*x**2 - 3*x + 6. Let g = -41 - -44. Calculate the remainder when 118 is divided by s(g).
22
Suppose 4*s + 47 = 3*v, 88 = 3*v + 2*v + 3*s. Suppose 1 = -3*d + 16, -i - 3*d + v = 0. Suppose 15 = i*h + 3*h. What is the remainder when 7 is divided by h?
1
Calculate the remainder when ((-1)/(-1))/(5/1580) - -4 is divided by 82.
74
Suppose 3*c + 3 - 18 = 0. Suppose -31 = -3*q - 4. Calculate the remainder when (-1 + 6)/(c/35) is divided by q.
8
Let k(r) = 2*r - 47*r**2 + 92*r**2 + 12 - 46*r**2. What is the remainder when 27 is divided by k(-2)?
3
Let x(l) be the first derivative of 45*l**2/2 + 3. Calculate the remainder when x(1) is divided by 12.
9
Let f(r) = 4*r + 4. Let y(t) = t**3 + 6*t**2 - 8*t - 3. What is the remainder when y(-6) is divided by f(3)?
13
Suppose -5*d = -3*b - 219 - 636, -d + 171 = 2*b. Calculate the remainder when d is divided by 81.
9
Suppose 0 = -2*j + 36 + 20. Let s(c) = -2*c**3 - 9*c**2 - 5*c + 10. Let p be s(-4). What is the remainder when ((-80)/j)/((-4)/p) is divided by 6?
4
Suppose 0*z + z - 8 = -i, 5*i = -2*z + 40. Let b(a) = -a**2 + 7*a + 9. Calculate the remainder when 2 is divided by b(i).
0
Suppose 6*r - 103 = -7. Calculate the remainder when r is divided by 5.
1
Suppose -56*d = -1225 - 175. Calculate the remainder when 773 is divided by d.
23
Let p(h) = h. Let k be p(4). Suppose 2*l + k = 34. Calculate the remainder when (-4)/(-18) - (-241)/9 is divided by l.
12
Let c = 353 - -9. Let d = c + -214. Suppose -5*b + d - 28 = 0. What is the remainder when b is divided by 13?
11
Let s = 307 - 291. Calculate the remainder when 62 is divided by s.
14
Let h(q) = 51*q**3 + 3*q**2 + 2*q - 5. Calculate the remainder when 254 is divided by h(1).
50
Let u(g) be the first derivative of -g**4/4 - g**3 - 2*g**2 - 2*g + 13. Calculate the remainder when 55 is divided by u(-3).
5
Let h(m) = m**3 + m**2 + m + 1. Let n be 77/33 - (-1)/(-3). Calculate the remainder when 73 is divided by h(n).
13
Let z = -20 - -73. Let m be (-393)/(-21) + 10/35. Suppose -y - 5 + m = 0. Calculate the remainder when z is divided by y.
11
Suppose k + 12 = u + 2*u, 0 = k + 4*u - 23. Suppose -2*p + w = -323, k = -2*w - w. What is the remainder when p is divided by 27?
26
Let o = -14823 